 of 77?
False
Is 32 a factor of 190531?
False
Is 11534 a multiple of 4?
False
Is 21 a factor of 549423?
True
Is 12 a factor of 12606?
False
Does 50 divide 3290900?
True
Is 141 a factor of 5092215?
True
Does 13 divide 960323?
True
Does 271 divide 117614?
True
Is 3870087 a multiple of 25?
False
Is 127 a factor of 2135378?
True
Does 2285 divide 3400919?
False
Is 80 a factor of 588000?
True
Does 596 divide 1333880?
False
Is 357 a factor of 2895898?
False
Does 77 divide 2209675?
False
Is 276639 a multiple of 33?
True
Is 70530 a multiple of 178?
False
Does 12 divide 778592?
False
Is 303 a factor of 347541?
True
Is 524487 a multiple of 10?
False
Is 184494 a multiple of 97?
True
Does 190 divide 509200?
True
Does 38 divide 25255?
False
Is 15 a factor of 3882820?
False
Is 1218696 a multiple of 309?
True
Does 275 divide 6809398?
False
Is 199 a factor of 1512197?
False
Is 806656 a multiple of 142?
False
Is 16898 a multiple of 71?
True
Does 78 divide 270716?
False
Is 236317 a multiple of 39?
False
Is 172992 a multiple of 192?
True
Does 44 divide 247958?
False
Does 331 divide 1891996?
True
Does 523 divide 173113?
True
Is 901310 a multiple of 150?
False
Is 42 a factor of 327012?
True
Is 8 a factor of 252104?
True
Is 899072 a multiple of 16?
True
Is 62 a factor of 790562?
True
Does 819 divide 409552?
False
Is 249 a factor of 164718?
False
Does 6 divide 869074?
False
Is 33 a factor of 269874?
True
Is 74351 a multiple of 149?
True
Is 1377597 a multiple of 142?
False
Does 61 divide 173972?
True
Is 675 a factor of 4571100?
True
Is 1107885 a multiple of 15?
True
Is 93075 a multiple of 5?
True
Is 907377 a multiple of 566?
False
Does 95 divide 453435?
True
Does 165 divide 80465?
False
Is 177 a factor of 3387567?
False
Is 1718929 a multiple of 62?
False
Is 3156638 a multiple of 134?
True
Is 27 a factor of 816210?
True
Is 70 a factor of 302761?
False
Is 55368 a multiple of 11?
False
Does 60 divide 8680800?
True
Is 15 a factor of 5762403?
False
Does 44 divide 3792932?
True
Is 16 a factor of 4130450?
False
Does 2 divide 1698844?
True
Is 268484 a multiple of 16?
False
Is 1934838 a multiple of 29?
False
Is 127916 a multiple of 75?
False
Does 41 divide 149568?
True
Is 8835798 a multiple of 38?
True
Is 55 a factor of 2159465?
True
Is 9481395 a multiple of 1155?
True
Is 1375332 even?
True
Is 229 a factor of 113126?
True
Is 6895722 a multiple of 107?
True
Is 14 a factor of 3732022?
True
Is 143424 a multiple of 216?
True
Is 5 a factor of 147385?
True
Is 50 a factor of 1108500?
True
Is 261 a factor of 320247?
True
Is 61 a factor of 13237?
True
Does 19 divide 9260422?
False
Is 9132414 a multiple of 109?
False
Is 800730 a multiple of 574?
True
Is 493 a factor of 2479790?
True
Is 40607 a multiple of 29?
False
Does 13 divide 2486367?
True
Is 30254798 a multiple of 17?
True
Is 58 a factor of 157760?
True
Is 2220098 a multiple of 4?
False
Does 51 divide 37920?
False
Is 539 a factor of 91215?
False
Does 177 divide 4208883?
True
Does 27 divide 291268?
False
Is 7787559 a multiple of 196?
False
Does 21 divide 2709252?
True
Is 410025 a multiple of 7?
True
Is 1347990 a multiple of 245?
True
Is 1990926 a multiple of 1449?
True
Is 189 a factor of 272770?
False
Does 216 divide 4015656?
True
Is 27 a factor of 243405?
True
Is 32 a factor of 3890654?
False
Does 859 divide 8705446?
False
Does 168 divide 78456?
True
Is 320942 a multiple of 46?
True
Is 104650 a multiple of 25?
True
Is 3055424 a multiple of 70?
False
Does 154 divide 11082890?
False
Is 354452 a multiple of 18?
False
Is 306460 a multiple of 14?
True
Does 45 divide 2257110?
True
Is 125101 a multiple of 90?
False
Is 5 a factor of 28900?
True
Does 38 divide 34276?
True
Does 90 divide 431716?
False
Is 1875345 a multiple of 233?
False
Does 11 divide 4998554?
True
Is 405767 a multiple of 172?
False
Is 779192 a multiple of 1220?
False
Is 228 a factor of 3192?
True
Does 133 divide 5181813?
True
Does 94 divide 110638?
True
Is 954 a factor of 15079878?
True
Does 13 divide 77978?
False
Is 26 a factor of 79144?
True
Does 18 divide 209121?
False
Is 26152 a multiple of 7?
True
Does 18 divide 171478?
False
Does 74 divide 5546976?
False
Is 22 a factor of 81656?
False
Does 10 divide 903470?
True
Is 1243 a factor of 10994335?
True
Is 60 a factor of 7618500?
True
Does 559 divide 9753896?
False
Does 39 divide 380796?
True
Does 10 divide 2773410?
True
Does 12 divide 734088?
True
Is 4034286 a multiple of 111?
False
Does 320 divide 28480?
True
Is 106227 a multiple of 7?
False
Does 89 divide 4070891?
False
Does 199 divide 221941?
False
Is 29 a factor of 147784?
True
Does 213 divide 220369?
False
Is 978970 a multiple of 126?
False
Does 100 divide 747565?
False
Is 161 a factor of 1345960?
True
Is 5698416 a multiple of 9?
False
Is 589095 a multiple of 855?
True
Is 115480 a multiple of 8?
True
Is 914406 a multiple of 554?
False
Is 623952 a multiple of 14?
True
Is 8585253 a multiple of 23?
False
Is 465 a factor of 442738?
False
Does 28 divide 367259?
False
Is 973808 a multiple of 176?
True
Does 58 divide 148422?
True
Does 16 divide 168784?
True
Is 61 a factor of 650077?
True
Is 423169 a multiple of 267?
False
Is 16 a factor of 1329804?
False
Is 49985 a multiple of 13?
True
Is 7682032 a multiple of 4?
True
Is 11475 a multiple of 388?
False
Is 1462577 a multiple of 251?
True
Is 806 a factor of 20998718?
True
Does 70 divide 274204?
False
Does 16 divide 17226954?
False
Is 583 a factor of 4689085?
False
Does 4 divide 258500?
True
Does 39 divide 4592372?
False
Is 1822056 a multiple of 31?
True
Is 20 a factor of 7074214?
False
Does 44 divide 4092088?
True
Is 98 a factor of 62622?
True
Is 83831 a multiple of 460?
False
Does 8 divide 1028981?
False
Does 52 divide 79872?
True
Is 670886 a multiple of 58?
True
Is 26 a factor of 111332?
True
Is 11 a factor of 298320?
True
Does 49 divide 315746?
False
Is 330 a factor of 3924642?
False
Does 44 divide 3861044?
True
Is 2857624 a multiple of 141?
False
Does 78 divide 221754?
True
Is 9260 even?
True
Is 52532 a multiple of 45?
False
Is 33395 a multiple of 4?
False
Does 261 divide 77377?
False
Does 41 divide 672570?
False
Is 381920 a multiple of 124?
True
Is 21 a factor of 1101576?
True
Does 56 divide 4257848?
True
Does 3 divide 3580?
False
Is 19 a factor of 466346?
False
Is 87009 a multiple of 39?
True
Is 29 a factor of 91147?
True
Is 24500686 a multiple of 1466?
False
Is 248430 a multiple of 195?
True
Is 36312 a multiple of 5?
False
Does 329 divide 242473?
True
Is 6 a factor of 359272?
False
Is 23826 a multiple of 33?
True
Is 1305976 a multiple of 28?
True
Does 82 divide 78146?
True
Is 698420 a multiple of 85?
False
Is 268 a factor of 283348?
False
Is 305 a factor of 1211155?
True
Does 508 divide 1648968?
True
Is 10 a factor of 12558?
False
Does 25 divide 3148405?
False
Does 48 divide 3169152?
True
Is 18 a factor of 96815?
False
Is 502 a factor of 1774570?
True
Is 17 a factor of 457685?
False
Is 376 a factor of 1398680?
False
Is 1410585 a multiple of 27?
False
Does 22 divide 68985?
False
Does 75 divide 831675?
True
Is 486 a factor of 438858?
True
Is 424 a factor of 51393?
False
Is 49 a factor of 1137976?
True
Is 146 a factor of 78479?
False
Does 115 divide 162955?
True
Does 38 divide 51225?
False
Does 12 divide 23405973?
False
Does 99 divide 155529?
True
Is 737 a factor of 545180?
False
Does 1530 divide 15951780?
True
Does 13 divide 25078?
False
Is 46 a factor of 654718?
True
Is 626792 a multiple of 94?
True
Does 249 divide 3570162?
True
Is 6509218 a multiple of 218?
False
Is 174042 a multiple of 198?
True
Does 137 divide 8186540?
False
Is 43 a factor of 64027?
True
Does 16 divide 1140672?
True
Is 10 a factor of 1004140?
True
Is 77 a factor of 247537?
False
Does 103 divide 375847?
True
Does 380 divide 5402840?
True
Does 8 divide 1038418?
False
Does 13 divide 91228?
False
Is 183425 a multiple of 253?
True
Does 30 divide 7245329?
False
Does 17 divide 2125?
True
Is 709609 a multiple of 24?
False
Is 68952 a multiple of 164?
False
Is 7938 a multiple of 5?
False
Is 162351 a multiple of 506?
False
Is 804298 a multiple of 28?
False
Is 15 a factor of 12741585?
True
Does 229 divide 1253546?
True
Is 38 a factor of 24805?
False
Is 84 a factor of 3238116?
True
Is 387094 even?
True
Is 743 a factor of 2664398?
True
Does 315 divide 177602?
Fa